s a4 - 1?
a3
In base 11, what is -1 + 1a2?
1a1
In base 3, what is 21021 - 1?
21020
In base 4, what is -1 + 11102?
11101
In base 13, what is 36a - -1?
36b
In base 10, what is 67810 + 3?
67813
In base 2, what is 1000 - 10110000011?
-10101111011
In base 5, what is 4234 - -121?
4410
In base 12, what is 72 - -3?
75
In base 7, what is -2 - -250?
245
In base 5, what is 10 + -1120?
-1110
In base 4, what is -23 + -213332?
-220021
In base 13, what is -606c + 5?
-6067
In base 11, what is a0 + 48?
138
In base 12, what is -3 + 526?
523
In base 6, what is 254 - 0?
254
In base 15, what is -5 - 23?
-28
In base 11, what is 5 - 46?
-41
In base 16, what is -c - 20?
-2c
In base 7, what is 2 + 14216?
14221
In base 12, what is 2 - -2202?
2204
In base 7, what is 55 + -4?
51
In base 9, what is 12218 + -1?
12217
In base 5, what is -1420 - 1?
-1421
In base 15, what is 102 - -5?
107
In base 4, what is 11221 - -11?
11232
In base 9, what is 3 - -3705?
3708
In base 16, what is -2 - -34f?
34d
In base 9, what is -72 + -123?
-205
In base 10, what is -8 + -374?
-382
In base 7, what is 2026 - 5?
2021
In base 12, what is -5 - 80?
-85
In base 4, what is 10 + -1130123?
-1130113
In base 6, what is 44 - -11?
55
In base 16, what is -3fa - 5?
-3ff
In base 4, what is 20 - -20?
100
In base 13, what is -3 - 853?
-856
In base 11, what is -156 - a7?
-252
In base 12, what is -b509 - 2?
-b50b
In base 12, what is -5 - -309?
304
In base 9, what is -1234 + 0?
-1234
In base 14, what is -cd2 - 3?
-cd5
In base 6, what is -502 + -34?
-540
In base 8, what is 12241 - 4?
12235
In base 14, what is 1 - -2c1?
2c2
In base 6, what is 3 - -1433?
1440
In base 8, what is -2116 - -4?
-2112
In base 15, what is 143 + 4e?
192
In base 6, what is -5 + 4530?
4521
In base 14, what is -13 + 83?
70
In base 2, what is -1001111010111 - 100?
-1001111011011
In base 3, what is 11 - -101?
112
In base 10, what is -282 - -54?
-228
In base 5, what is -41 + 3?
-33
In base 3, what is -2201220 + 0?
-2201220
In base 6, what is -4 - 111?
-115
In base 8, what is 23 - -247?
272
In base 3, what is 10 + -102201?
-102121
In base 3, what is -12 - -10112121?
10112102
In base 8, what is -543 + -2?
-545
In base 8, what is -4 - 45?
-51
In base 2, what is -1100 + 1010?
-10
In base 3, what is -100 - -20?
-10
In base 13, what is 3 + -740?
-73a
In base 6, what is 3 - -14203?
14210
In base 10, what is 4 + -119?
-115
In base 10, what is -70 - 10?
-80
In base 6, what is 115 + 2?
121
In base 13, what is -c9 + 4?
-c5
In base 7, what is -2 - 2535?
-2540
In base 16, what is 9 - d8?
-cf
In base 9, what is 23213 + -1?
23212
In base 3, what is -122 + 2200?
2001
In base 11, what is 131 - -2?
133
In base 10, what is -4 - 12?
-16
In base 6, what is 1 - -10040?
10041
In base 2, what is -11 - -11010000?
11001101
In base 10, what is -11 + 132?
121
In base 2, what is 10000010000 - 100?
10000001100
In base 10, what is -10037 - -4?
-10033
In base 3, what is 2011200 + 121?
2012021
In base 10, what is -18 - -2?
-16
In base 10, what is -1033 - -2?
-1031
In base 16, what is 24 + 1?
25
In base 2, what is 1110 - -1010?
11000
In base 5, what is -10 - -13?
3
In base 8, what is -2161 + 5?
-2154
In base 12, what is 0 - 495?
-495
In base 7, what is 4 - -1433?
1440
In base 12, what is 1b - 4?
17
In base 13, what is -172 + 1?
-171
In base 7, what is 3 - -64?
100
In base 16, what is 4 - -20?
24
In base 10, what is 914 - 4?
910
In base 16, what is 43 - 3?
40
In base 2, what is -10011000 - 111001?
-11010001
In base 5, what is 4 + -3442?
-3433
In base 3, what is 21111 + -110?
21001
In base 3, what is 2 - 1210?
-1201
In base 10, what is 327 + -2?
325
In base 9, what is 55605 - 2?
55603
In base 5, what is -21 - 1?
-22
In base 5, what is -2 + 144414?
144412
In base 2, what is -101000100 - 1?
-101000101
In base 6, what is 13 - 453?
-440
In base 16, what is -36 - -19?
-1d
In base 16, what is 79 - -17?
90
In base 15, what is b + 8c8?
8d4
In base 8, what is 2351 - -1?
2352
In base 3, what is 0 + 10021?
10021
In base 5, what is -34 - -4?
-30
In base 16, what is -37 - -3?
-34
In base 11, what is 4 + 75?
79
In base 7, what is 233 - -610?
1143
In base 10, what is -161 - 24?
-185
In base 11, what is 304 - 2?
302
In base 5, what is 4 - -104?
113
In base 10, what is 13718 + 3?
13721
In base 4, what is 3022 - -2?
3030
In base 6, what is 5 + 4005?
4014
In base 3, what is 0 + 11012?
11012
In base 6, what is 1002 - -3?
1005
In base 6, what is -22 - -1204?
1142
In base 10, what is 1 + 15?
16
In base 15, what is 5 - 1d1d?
-1d18
In base 12, what is -a + 160?
152
In base 14, what is b - 22?
-15
In base 3, what is 10 + -12111210?
-12111200
In base 13, what is 3 + 626?
629
In base 6, what is 5 - -14?
23
In base 3, what is -1112112 - -12?
-1112100
In base 7, what is -41 - -53?
12
In base 16, what is -9 + -166?
-16f
In base 8, what is 3 + -5147?
-5144
In base 16, what is 219 - 3?
216
In base 12, what is -5 + 765?
760
In base 12, what is -4397 - 5?
-43a0
In base 14, what is a53 + 2?
a55
In base 5, what is 1 + 22?
23
In base 6, what is 122 - -2?
124
In base 15, what is -1012 - 0?
-1012
In base 5, what is 3 + 32120?
32123
In base 9, what is 41 + 1012?
1053
In base 7, what is -11 - 221?
-232
In base 8, what is 164 - -5?
171
In base 9, what is 3 - 461?
-457
In base 5, what is -411 - -4?
-402
In base 3, what is -20001 - -120?
-12111
In base 10, what is 9 - -2368?
2377
In base 6, what is 11 - -141?
152
In base 11, what is 16 + 167?
182
In base 5, what is 331224 - 2?
331222
In base 7, what is 3 - -3?
6
In base 10, what is -1 + 18?
17
In base 5, what is 41 - -101?
142
In base 6, what is -1201 - -3?
-1154
In base 4, what is 3 - 20100?
-20031
In base 12, what is 17 + 9?
24
In base 12, what is 824 - 5?
81b
In base 2, what is -111111011 - 101?
-1000000000
In base 16, what is -6e - 79?
-e7
In base 12, what is -1 - 39?
-3a
In base 8, what is 30 + 1413?
1443
In base 2, what is -1 + 11011011?
11011010
In base 3, what is -1110112 - -10?
-1110102
In base 3, what is 1 - 1001?
-1000
In base 13, what is 5 + -90b?
-906
In base 15, what is 3 - 49?
-46
In base 6, what is 21 - -314?
335
In base 11, what is -9 + -188?
-196
In base 16, what is -4 - 4?
-8
In base 2, what is 111110 - 0?
111110
In base 4, what is 132 + -3?
123
In base 13, what is 2 - -54?
56
In base 11, what is -7 + 72?
66
In base 8, what is -11 - -157?
146
In base 3, what is 1110212 + -12?
1110200
In base 5, what is 23202 + -42?
23110
In base 16, what is -1b - -22?
7
In base 6, what is -3 - 153?
-200
In base 5, what is 0 - -21233?
21233
In base 13, what is 383 - -5?
388
In base 10, what is 86 + 1?
87
In base 4, what is -121323 - 10?
-121333
In base 6, what is -5 + 0?
-5
In base 7, what is -3 - -1?
-2
In base 10, what is -639 - -2?
-637
In base 7, what is 1222 - -4?
1226
In base 9, what is -1 - 214?
-215
In base 4, what is -3023213 - -10?
-3023203
In base 4, what is -2102 + 11?
-2031
In base 2, what is -11 - 110?
-1001
In base 7, what is -13 + 14?
1
In base 13, what is -3 - -542?
53c
In base 3, what is -22211 + -1002?
-100220
In base 15, what is -4 + 10a?
106
In base 2, what is -1001 - 1011000101?
-1011001110
In base 13, what is 5 + 2?
7
In base 12, what is -7 - a7?
-b2
In base 4, what is -2113 + -2?
-2121
In base 2, what is 1010101 + -101?
1010000
In base 8, what is 2324 + 14?
2340
In base 5, what is -24 + -12?
-41
In base 9, what is -466 - 2?
-468
In base 13, what is -5 + 319?
314
In base 13, what is -a + -83?
-90
In base 5, what is -33 - 13?
-101
In base 8, what is -40 - 5?
-45
In base 14, what is -5 + -9?
-10
In base 4, what is -100 - -30?
-10
In base 13, what is 14976 - -3?
14979
In base 16, what is 5f6 - 2?
5f4
In base 12, what is 129 + -2?
127
In base 16, what is -3 - 30?
-33
In base 3, what is 1102 - -22120?
100222
In base 7, what is 5 + 3564?
3602
In base 6, what is 5 + -3400?
-3351
In base 8, what is -2 - -2321?
2317
In base 7, what is 6 + -31?
-22
In base 13, what is 3 + -39?
-36
In base 2, what is -100111 + -10000?
-110111
In base 14, what is 3c + 1?
3d
In base 10, what is -12 + 146?
134
In base 7, what is 15551 - -4?
15555
In base 14, what is -61d - 0?
-61d
In base 2, what is -10111010 - -110100?
-10000110
In base 6, what is -4333 + 5?
-4324
In base 10, what is -3 + 122?
119
In base 8, what is 3232 - 5?
3225
In base 16, what is 0 - 2cc?
-2cc
In base 6, 